a factor of b(43)?
True
Let u(k) = 11*k**2 + 6*k. Let i be u(-5). Suppose -i + 77 = -7*g. Is g a multiple of 12?
True
Let s = 1137 - 400. Does 50 divide s?
False
Let p be (-20)/6*(-36)/30. Suppose p*u - 16 = 8. Suppose 2*b - 4*b - 2*j = -106, u = 3*j. Does 17 divide b?
True
Let l = 2772 + -1732. Is l a multiple of 49?
False
Suppose -14*u = -2*j - 18*u + 264, 5*u + 705 = 5*j. Is 46 a factor of j?
True
Let d = 363 + -248. Suppose -d = -5*x - 5*h, 56 = 2*x + 4*h - 0*h. Does 13 divide x?
False
Suppose -4*h + 16 = -0. Suppose 0 = -h*t + 51 + 429. Let j = t - 20. Is j a multiple of 17?
False
Let u(y) = y**2 - 4*y - 31. Let f(p) = -2*p**2 + 8*p + 63. Let m(h) = 6*f(h) + 13*u(h). Is m(11) a multiple of 9?
False
Let d = 9 + -6. Suppose 0 = -5*y - i - 120, -d*y - y = 5*i + 75. Is 10 a factor of y + 21 - 5*-8?
False
Does 35 divide 3990/(-28)*(-8)/6?
False
Let b = 69 - 67. Suppose 2*t + b*t = f - 38, 85 = 5*f + t. Is f a multiple of 3?
True
Let h be (42/(-3))/(-2 - 0). Suppose -h*v = -3*v. Suppose v = 3*u - 9 + 3. Does 2 divide u?
True
Suppose -2*s + 8 = -0*s. Suppose 0 = 4*u - s*y - 36, y = u - 3*y - 21. Suppose w - 106 = -u*m, -m - 3*w = w - 6. Does 22 divide m?
True
Let s(f) = f - 3. Let p be s(-8). Let r = 82 + p. Is r a multiple of 10?
False
Is 19 a factor of (6 + -2)/((5 + -6)/(-1859))?
False
Let o be (0 - 4) + (-72)/(-24). Does 17 divide o + (58 + -4 - 2)?
True
Let c(j) = j**3 - 5*j**2 + 5*j + 1. Let i be c(4). Let z = i + -3. Suppose 0 = -4*u + 3*g + 83, 0 = -z*u + 3*u + 3*g - 32. Is u a multiple of 23?
True
Let q be (-2)/(5/(-10)*1). Suppose i - 3 = q. Is 7 a factor of i?
True
Suppose -4 = p, -3*p + p = -3*k + 1664. Suppose 3*u + k = 5*y, -3*y - 7*u + 308 = -3*u. Is y a multiple of 27?
True
Let p = -183 - -659. Suppose 0 = 5*j - 99 - p. Does 11 divide j?
False
Suppose 0 = 4*y + 188 - 728. Is 15 a factor of y?
True
Suppose 36 = 3*y + y. Suppose -y*o = -3*o - 360. Is 12 a factor of o?
True
Let b(j) = -10*j - 302. Does 29 divide b(-36)?
True
Let f(r) = -4*r - 2*r + 6*r - r + 11. Let d be f(9). Does 9 divide d/6 - 52/(-6)?
True
Suppose -37*v + 1764 = -30*v. Is 63 a factor of v?
True
Let i = -280 - -404. Is i a multiple of 4?
True
Let b = -136 + 451. Is b a multiple of 15?
True
Suppose 147 + 2929 = 4*p. Suppose -5*b = -p - 271. Does 11 divide b?
False
Let m = -3490 - -5134. Does 68 divide m?
False
Let c = -53 - -28. Let t = c + 30. Is 20 a factor of (3*20)/(5/t)?
True
Let c(s) = -3*s - 14. Let y be c(-10). Suppose 5*v = 4*v + 3*d + 30, v + 4*d - y = 0. Is 13 a factor of (-82)/(-6) - v/36?
True
Suppose 0 = 3*o + s - 4*s - 9, -2*o + 9 = s. Let z(h) = h**2 - 5*h + 4. Let y be z(o). Suppose -3*b + b + 20 = y. Is b a multiple of 7?
False
Let b be ((-298)/(-66) + (-10)/55)*45. Let y = -130 + b. Is 22 a factor of y?
False
Let s(w) = 19 - 3*w**2 + 0*w**2 - 2*w**2 - 3 - 11*w + w**3. Is 5 a factor of s(7)?
False
Let w(o) = -2*o - 2. Let q(t) = -t**2 + 4*t + 4. Let h be q(6). Is 14 a factor of w(h)?
True
Let o be (61/3)/(6/18). Is o/(-2)*8/(-4) a multiple of 10?
False
Suppose 4*p + 59 = 3*v, -3*v + 6*p - 3*p + 60 = 0. Suppose -3*x + 5*z + 285 = -v, 2*x + 2*z = 204. Does 17 divide x?
True
Suppose 4*x - 32 = 5*x. Let k = 57 + x. Is k a multiple of 7?
False
Suppose 0 = 22*x - 0*x - 15202. Is 104 a factor of x?
False
Does 16 divide (-424)/(-6)*165/110?
False
Suppose 5*u - i = -0*u + 815, -u + i = -159. Is u even?
True
Suppose 3*v + 683 = -4*x + 46, 4*v + 5*x + 850 = 0. Let i be -2 - (-2)/2 - v. Suppose -5*s + 5*a + i = a, 166 = 4*s + 2*a. Does 14 divide s?
True
Let r(x) = -x**3 + 7*x**2 - 5*x - 6. Let w be r(6). Suppose w = 7*c + 687 - 2045. Is c a multiple of 22?
False
Let k(r) be the first derivative of -r + 4/3*r**3 + 5 - r**2. Is k(-1) even?
False
Does 61 divide 0 + -1 + 65 + 790?
True
Let p(s) = 15*s**2 - 2*s - 2. Is 9 a factor of p(2)?
True
Let y be (-3)/(-27)*3*57. Suppose 4*u - y = -0*u + 3*o, -3*u - 3*o + 30 = 0. Is u a multiple of 5?
False
Does 26 divide (3 - 0)*2262/9?
True
Let r = -156 + 52. Does 3 divide r/4*2/(-4)?
False
Let v = -469 - -671. Does 4 divide v?
False
Let c(q) = q**3 - 8*q**2 - 8. Let z be c(8). Does 50 divide (-2)/z - (-1430)/8?
False
Let w(a) = -a**2 - 37*a - 195. Is w(-22) a multiple of 27?
True
Let q(w) = -w**2 - 13*w - 20. Let v be q(-11). Suppose 20 = -3*c - v*c, -5*h = -5*c - 1030. Is 29 a factor of h?
False
Let z(m) = -m - 2. Let x be z(-2). Suppose -3*y - 4*d - 6 = -d, x = 4*y - 4*d - 24. Is (44 - 11) + y*-1 a multiple of 25?
False
Suppose 5*a - 868 = 3*z + 549, -2*z - 8 = 0. Suppose -567 = -2*m + 2*i - i, m - i = a. Is 26 a factor of m?
True
Let q(h) = -h**3 + 11*h**2 - 8*h. Let p be q(10). Let u = p + -26. Does 4 divide 32/3*u/(-4)?
True
Let f(k) be the third derivative of 7*k**6/60 + k**5/60 - k**4/12 + k**3/6 + k**2. Let c be 2/(-10) - (-6)/5. Does 6 divide f(c)?
False
Let h(z) = -z**3 + 6*z**2 - 3*z + 3. Let b be h(3). Suppose 0 = v - b - 6. Let d = v + 2. Is d a multiple of 11?
False
Let b = -36 + 34. Let i = 44 - b. Is i a multiple of 25?
False
Let o(w) = 42*w**2 - 142*w + 28. Is o(7) a multiple of 14?
True
Let l be 10/(3/9*-3). Let x = l + 10. Suppose 3*w + x = 6, 0 = 4*y + w - 122. Is 6 a factor of y?
True
Suppose 5*n + 4*w = 1270, -5*w = 3*n - 561 - 188. Does 43 divide n?
True
Let x(o) = 58*o + 121. Does 31 divide x(7)?
True
Let r be (3 - -3)*(8/6)/4. Suppose -5*c - j = -0*c - 965, -r*j = -4*c + 772. Does 45 divide c?
False
Let x(y) = y**3 + 45*y**2 + 104*y - 7. Is 19 a factor of x(-42)?
False
Let c(l) = l + 2*l**3 - 3*l**3 + 0*l + 18. Let r be 5 + (1 - (-5 + 11)). Is c(r) a multiple of 7?
False
Suppose -985 = -3*j + 647. Is 34 a factor of j?
True
Let c(w) = 3*w**2 + 2. Does 49 divide c(9)?
True
Suppose 4 = -4*r, -2*r = -v + 2 - 10. Let m(g) = g**3 + 11*g**2 - 5*g - 8. Is 19 a factor of m(v)?
False
Let f be 6 + 0/1 - 0. Let n be (1962/(-8))/(-9) - (-2)/(-8). Let b = n - f. Is 10 a factor of b?
False
Let r = -17 + 3. Let g = r - -10. Does 7 divide (-22)/((-4)/2) + g?
True
Suppose -10*k - 1360 = -27*k. Does 8 divide k?
True
Is 30 a factor of (-1)/(-4) + (-26503)/(-68)?
True
Suppose -19 = x + 2*d, 89 = -3*x + d + d. Let q be (-2)/7 - x/21. Is 13 a factor of q - (2 + 14)*-4?
True
Let l be (-2)/4*(-42)/7. Does 16 divide -1*2/6*l + 183?
False
Let n = -151 + 231. Let y = 99 - n. Is y a multiple of 12?
False
Let a(o) = -2*o**2 + o + 2. Let t be a(2). Let u = t + 10. Is 4 a factor of (-165)/(-25) - u/10?
False
Suppose 10 = 4*c - 2. Let p be (2 - c)/(5/(-10)). Is 15 a factor of p - 0 - (0 + -13)?
True
Does 92 divide (-738176)/(-730) + 3/(30/8)?
True
Suppose 34*f + 70 = 39*f. Suppose -t - f = 2*c - 6*t, t + 5 = 3*c. Does 3 divide c?
True
Suppose -4*d + 4*m + 196 = -8*d, 4*d = -3*m - 195. Let g = d + 66. Is g a multiple of 18?
True
Suppose 0 = 4*m - 2*z - 0*z - 4, 0 = -5*m - 4*z + 31. Suppose 3*j - 4*p - 44 = 107, m*p = -12. Let q = j + -16. Is q a multiple of 11?
False
Let c = 107 + -94. Suppose -4*d + o + 99 = -0*o, -3*o + 93 = 3*d. Let f = d - c. Does 5 divide f?
False
Suppose 5*p + 13*l = 9*l + 12412, -l = -5*p + 12397. Does 35 divide p?
False
Let v(d) = -3*d - 25. Let q be v(-10). Suppose q*z + 336 = 6*z. Is z a multiple of 21?
True
Let m(q) = 35*q - 84. Is m(28) a multiple of 64?
True
Let l(q) = -q**3 + 20*q**2 - 20*q + 21. Let s be l(19). Suppose 3*y - 5*d - 91 = 0, 34 = 5*y - 3*y + s*d. Is 22 a factor of y?
True
Let c be (-3)/2 - 2449/(-2). Suppose -17*g + c = -1157. Does 14 divide g?
True
Let o be -3 - (1 + (0 - 5)). Let z = 3 - o. Suppose 0 = -5*x + z*x + 45. Is 5 a factor of x?
True
Let g be 2*(-10)/(-16)*-20. Let p(c) = 3*c + 63. Let z be p(-26). Let m = z - g. Is m a multiple of 10?
True
Suppose -5*k + 51 = -59. Let v = -11 + k. Is v a multiple of 9?
False
Let g be 0 + (0 - 0)/1. Let o(p) = -p**3 - p**2 + p + 10. Does 5 divide o(g)?
True
Let x be (2/(8/28))/1. Suppose -4*l + 45 = c, -4*c - x = -2*l + l. Suppose -3*n + 9 = 0, -40 = -5*y + 3*n + l. Does 4 divide y?
True
Let b(a) = -a**3 - 11*a**2 - 16*a + 22. Let l be b(-9). Suppose 2*h + 2*o - 438 = 0, 830 = 5*h + l*o - 262. Is 12 a factor of h?
True
Is 69 a factor of (32/4)/(5/(-4830)*-4)?
True
Suppose -t - 17 = -2*z + 4, -4*z + 4*t = -32. Let x be (8 - 7) + (-120)/(-2). Suppose -4*g = -u - 77, -4*g - 2*u = -x - z. Does 9 divide g?
False
Does 14 divide 6*2/78 - 771